21000
What is 5204 (base 11) in base 9?
10417
What is 403 (base 16) in base 2?
10000000011
Convert 10424 (base 5) to base 11.
612
2331 (base 7) to base 4
31113
-30489 (base 10) to base 8
-73431
Convert -132221 (base 4) to base 2.
-11110101001
-2011 (base 12) to base 6
-24021
What is -1324 (base 9) in base 10?
-994
Convert -436 (base 12) to base 13.
-387
What is 1110110001 (base 2) in base 12?
669
What is -8552 (base 16) in base 3?
-1201211002
What is 231602 (base 7) in base 2?
1010000111110000
Convert -187b7 (base 14) to base 2.
-1111000111001101
Convert -994 (base 10) to base 16.
-3e2
-a65 (base 14) to base 4
-200001
What is -100101 (base 3) in base 8?
-375
Convert 662 (base 10) to base 11.
552
What is 4c3 (base 13) in base 2?
1101000011
55 (base 8) to base 16
2d
-38661 (base 11) to base 5
-3232424
What is 1122100202 (base 3) in base 5?
2013324
What is -1e97 (base 16) in base 2?
-1111010010111
2527 (base 8) to base 6
10155
11110001011111 (base 2) to base 13
705b
-1b7a (base 15) to base 3
-22011221
920 (base 13) to base 8
3013
Convert 3210 (base 7) to base 16.
46e
13020332 (base 4) to base 9
44105
What is 101 (base 8) in base 3?
2102
What is -d58 (base 14) in base 4?
-221002
What is 3ab2 (base 12) in base 4?
1221212
-3443 (base 14) to base 15
-2a50
What is 450 (base 7) in base 14?
127
Convert 2314344 (base 5) to base 6.
521425
Convert -5785 (base 10) to base 12.
-3421
What is 87 (base 13) in base 15?
76
110000010 (base 3) to base 10
8751
1514 (base 12) to base 15
ae4
10100030 (base 4) to base 13
7c10
-3175 (base 9) to base 2
-100100100000
25923 (base 12) to base 7
302646
What is 41001 (base 5) in base 14?
d58
Convert 4843 (base 11) to base 13.
2b68
Convert 9cc (base 13) to base 9.
2276
Convert -1820 (base 11) to base 2.
-100100010001
What is -105046 (base 8) in base 4?
-20220212
Convert 11212311 (base 4) to base 9.
34446
-22423 (base 5) to base 13
-971
Convert -622 (base 12) to base 7.
-2411
What is 20020 (base 3) in base 7?
330
-14520 (base 7) to base 15
-12dc
What is -1856 (base 15) in base 16?
-1488
-4052 (base 6) to base 4
-32000
-20 (base 8) to base 2
-10000
3d6 (base 16) to base 15
457
What is 13561 (base 10) in base 11?
a209
What is -2a02 (base 16) in base 7?
-43232
Convert -2545 (base 8) to base 16.
-565
Convert 514312 (base 6) to base 5.
2304111
Convert -2217 (base 12) to base 14.
-152b
Convert 54 (base 13) to base 3.
2120
Convert -336 (base 14) to base 13.
-39c
What is 1224502 (base 6) in base 7?
362654
109b5 (base 12) to base 6
250345
What is -2097 (base 13) in base 12?
-2746
Convert 6861 (base 10) to base 3.
100102010
What is 1147 (base 12) in base 2?
11110000111
-1000011100110 (base 2) to base 11
-3283
-10212102 (base 3) to base 10
-2819
What is 2331 (base 6) in base 7?
1426
What is -4567 (base 8) in base 6?
-15115
Convert 11001011 (base 3) to base 5.
43242
629 (base 10) to base 13
395
121101 (base 3) to base 6
2014
-10100000100 (base 2) to base 16
-504
What is -75 (base 14) in base 16?
-67
-114 (base 9) to base 8
-136
What is -8541 (base 16) in base 2?
-1000010101000001
4326 (base 10) to base 8
10346
Convert -201331 (base 4) to base 9.
-2874
What is 11101110101111 (base 2) in base 11?
10530
What is -9a5b (base 13) in base 15?
-65ae
Convert -366 (base 10) to base 11.
-303
What is 16bde (base 15) in base 4?
101331113
What is -11202022 (base 3) in base 13?
-1766
Convert -1110 (base 3) to base 13.
-30
-154051 (base 7) to base 3
-1112110021
Convert 13432 (base 5) to base 12.
791
Convert -143544 (base 6) to base 10.
-13816
Convert 1c2 (base 15) to base 9.
502
12011102 (base 3) to base 13
1937
Convert -1210102 (base 3) to base 16.
-51b
What is -187 (base 9) in base 8?
-240
Convert -52a (base 16) to base 9.
-1728
1521 (base 15) to base 6
32551
What is -1420 (base 8) in base 3?
-1002001
Convert -144 (base 6) to base 11.
-59
Convert -21056 (base 7) to base 10.
-5186
What is -101615 (base 7) in base 16?
-4430
What is 1212 (base 7) in base 13?
288
Convert -100101010011 (base 2) to base 5.
-34022
Convert -587 (base 9) to base 2.
-111100100
What is -1725b (base 12) in base 10?
-33191
Convert 7a40 (base 12) to base 8.
32420
Convert 1286 (base 9) to base 16.
3c9
Convert -494 (base 15) to base 10.
-1039
What is -214203 (base 5) in base 3?
-101012010
Convert -2472 (base 10) to base 13.
-1182
What is -13010 (base 4) in base 9?
-552
What is b7 (base 14) in base 9?
188
What is -4996 (base 12) in base 8?
-20202
7ec (base 16) to base 5
31103
Convert 10870 (base 14) to base 4.
21302102
Convert -130b9 (base 12) to base 14.
-96d7
What is -5420 (base 9) in base 14?
-164b
What is 148 (base 13) in base 10?
229
Convert -c40 (base 16) to base 6.
-22304
Convert 1067 (base 10) to base 8.
2053
-1668 (base 13) to base 5
-101142
Convert -1011001101 (base 2) to base 14.
-393
-132202 (base 4) to base 14
-9d8
What is -110212 (base 3) in base 8?
-533
What is 7a (base 11) in base 4?
1113
Convert -6301 (base 9) to base 15.
-157d
What is 110200220 (base 3) in base 11?
6a57
Convert -4d2e (base 15) to base 13.
-765b
What is 141 (base 7) in base 16?
4e
41331 (base 5) to base 16
a9c
-134144 (base 5) to base 12
-3265
Convert -162312 (base 7) to base 3.
-1121222020
b4 (base 13) to base 12
103
What is 1151 (base 15) in base 5?
104201
5741 (base 9) to base 14
1797
-125337 (base 9) to base 15
-1782d
What is 332211 (base 5) in base 14?
42d6
What is -521c (base 15) in base 12?
-a060
What is 151377 (base 8) in base 3?
2202002120
322632 (base 7) to base 9
85113
-7411 (base 9) to base 3
-21110101
-518a (base 11) to base 13
-318a
2114144 (base 5) to base 2
1000101011011101
-114143 (base 6) to base 7
-41103
-20444 (base 5) to base 16
-55e
Convert -c8 (base 14) to base 12.
-128
What is -195b (base 14) in base 16?
-11ed
Convert 10000111001010 (base 2) to base 14.
321c
-1011111110001 (base 2) to base 11
-4672
Convert -111101100 (base 2) to base 16.
-1ec
What is 21001200 (base 3) in base 8?
12034
210122 (base 4) to base 15
a55
-729 (base 15) to base 9
-2183
-2103 (base 4) to base 12
-103
7a (base 13) to base 14
73
Convert -1253 (base 9) to base 13.
-573
What is 38624 (base 12) in base 16?
12c7c
What is 10000010100 (base 2) in base 5?
13134
234 (base 11) to base 12
1b3
What is 14283 (base 11) in base 13?
9315
-2415 (base 8) to base 4
-110031
32117 (base 8) to base 13
6131
-caf (base 16) to base 12
-1a67
33636 (base 7) to base 3
102201210
Convert -10310 (base 4) to base 14.
-180
What is 5754 (base 10) in base 12?
33b6
Convert -a9a (base 12) to base 15.
-6dd
Convert 1655 (base 10) to base 4.
121313
-a26 (base 15) to base 9
-3120
Convert 1631 (base 14) to base 5.
111323
-1b19 (base 12) to base 11
-2560
What is -6047 (base 8) in base 9?
-4236
What is -111022 (base 3) in base 15?
-18e
Convert 758 (base 10) to base 2.
1011110110
What is 1003333 (base 4) in base 13?
1c99
-33233 (base 7) to base 6
-102402
What is 110100111 (base 2) in base 6?
1543
-123222 (base 4) to base 2
-11011101010
42243 (base 8) to base 7
102141
Convert 1126 (base 7) to base 8.
634
What is 1101111101000101 (base 2) in base 5?
3312112
-2b1b0 (base 13) to base 7
-456622
1408d (base 14) to base 6
1021125
3543 (base 8) to base 11
146a
What is -937 (base 16) in base 10?
-2359
What is 85ea (base 15) in base 16?
6eb9
Convert -217ab (base 12) to base 11.
-30349
What is 33127 (base 9) in base 3?
1010010221
313003 (base 4) to base 8
6703
What is -101100000 (base 2) in base 3?
-111001
Convert -34080 (base 12) to base 15.
-15796
What is 10024 (base 5) in base 4?
21333
-2201122010 (base 3) to base 12
-27093
Convert 1001020022 (base 3) to base 15.
6172
Convert -201200 (base 3) to base 6.
-2243
Convert 1200202200 (base 3) to base 12.
17383
Convert 2967 (base 12) to base 8.
11337
What is 3184 (base 10) in base 14?
1236
What is 22112 (base 6) in base 8?
5774
Convert 1c6 (base 14) to base 7.
1036
-1220001 (base 3) to base 5
-21003
-27a3 (base 16) to base 9
-14824
What is -2c7 (base 15) in base 6?
-2541
-1020122122 (base 3) to base 5
-1241113
Convert 3133 (base 13) to base 14.
269c
What is 93a4 (base 11) in base 9?
18070
What is 136a (base 12) in base 9?
3061
2b82a (base 12) to base 4
33003202
What is c4 (base 15) in base 5?
1214
-311 (base 8) to base 3
-21110
-2126 (base 10) to base 7
-6125
What is 20222 (base 5) in base 11?
a93
What is 115